3, 13, 2801
What are the prime factors of 2008190?
2, 5, 409, 491
What are the prime factors of 5145511?
7, 735073
List the prime factors of 25970788.
2, 911, 7127
What are the prime factors of 1822720?
2, 5, 89
What are the prime factors of 17766842?
2, 8883421
List the prime factors of 1093152.
2, 3, 59, 193
List the prime factors of 213946.
2, 23, 4651
List the prime factors of 101899.
7, 14557
List the prime factors of 607984.
2, 13, 37, 79
What are the prime factors of 7178083?
11, 5393
List the prime factors of 726798.
2, 3, 29, 4177
List the prime factors of 1762225.
5, 70489
List the prime factors of 52478.
2, 19, 1381
List the prime factors of 828910.
2, 5, 82891
What are the prime factors of 949033?
949033
What are the prime factors of 10957473?
3, 353, 3449
List the prime factors of 55182.
2, 3, 17, 541
List the prime factors of 10438376.
2, 13, 29, 3461
List the prime factors of 1950196.
2, 37, 13177
List the prime factors of 589830.
2, 3, 5, 19661
What are the prime factors of 907198?
2, 453599
List the prime factors of 35272238.
2, 1193, 14783
List the prime factors of 2090693.
11, 190063
List the prime factors of 14630913.
3, 11, 147787
List the prime factors of 14988850.
2, 5, 299777
What are the prime factors of 3803829?
3, 1267943
What are the prime factors of 2643417?
3, 7, 41959
What are the prime factors of 813510?
2, 3, 5, 23, 131
List the prime factors of 1128621.
3, 13, 43, 673
List the prime factors of 1751159.
31, 56489
What are the prime factors of 23873295?
3, 5, 1591553
List the prime factors of 84775.
5, 3391
What are the prime factors of 4887312?
2, 3, 29, 3511
List the prime factors of 1377191.
1377191
What are the prime factors of 2443265?
5, 11, 31, 1433
List the prime factors of 16124992.
2, 13, 19381
List the prime factors of 2628229.
2628229
What are the prime factors of 191833?
191833
List the prime factors of 379960.
2, 5, 7, 23, 59
What are the prime factors of 508503?
3, 169501
What are the prime factors of 34538?
2, 7, 2467
What are the prime factors of 11100555?
3, 5, 37, 59, 113
What are the prime factors of 2266908?
2, 3, 7, 26987
What are the prime factors of 102263?
7, 2087
What are the prime factors of 11952038?
2, 7, 853717
List the prime factors of 96405.
3, 5, 6427
What are the prime factors of 183027?
3, 13, 19
What are the prime factors of 482904?
2, 3, 19, 353
What are the prime factors of 3187477?
29, 109913
List the prime factors of 742644.
2, 3, 7, 421
What are the prime factors of 547867?
653, 839
What are the prime factors of 6842618?
2, 53, 64553
What are the prime factors of 562096?
2, 19, 43
List the prime factors of 1958511.
3, 652837
List the prime factors of 243907.
191, 1277
What are the prime factors of 287067?
3, 11, 8699
What are the prime factors of 723679?
11, 65789
What are the prime factors of 27074064?
2, 3, 17, 33179
List the prime factors of 32226193.
32226193
What are the prime factors of 297345?
3, 5, 43, 461
List the prime factors of 3467.
3467
List the prime factors of 4661354.
2, 59, 39503
List the prime factors of 388504.
2, 48563
What are the prime factors of 3565914?
2, 3, 11, 97, 557
List the prime factors of 226211.
47, 4813
List the prime factors of 12935543.
12935543
What are the prime factors of 8643470?
2, 5, 11, 78577
What are the prime factors of 678178?
2, 23, 641
List the prime factors of 10018367.
269, 37243
List the prime factors of 273144.
2, 3, 19, 599
List the prime factors of 9389.
41, 229
List the prime factors of 6712434.
2, 3, 19, 1033
List the prime factors of 7840942.
2, 3920471
List the prime factors of 2686710.
2, 3, 5, 13, 83
List the prime factors of 266452.
2, 29, 2297
What are the prime factors of 14452293?
3, 19, 31, 8179
What are the prime factors of 3417539?
3417539
List the prime factors of 1492196.
2, 373049
List the prime factors of 5200054.
2, 37, 70271
What are the prime factors of 1765362?
2, 3, 294227
List the prime factors of 5848784.
2, 173, 2113
List the prime factors of 11762.
2, 5881
List the prime factors of 922215.
3, 5, 7, 8783
What are the prime factors of 601946?
2, 300973
List the prime factors of 42654.
2, 3, 7109
What are the prime factors of 1572156?
2, 3, 14557
What are the prime factors of 203639?
31, 6569
List the prime factors of 342271.
31, 61, 181
List the prime factors of 954399.
3, 79, 4027
List the prime factors of 5482491.
3, 7, 261071
List the prime factors of 183805.
5, 36761
What are the prime factors of 182557?
311, 587
List the prime factors of 25145.
5, 47, 107
What are the prime factors of 36813825?
3, 5, 54539
List the prime factors of 2259850.
2, 5, 45197
List the prime factors of 78108.
2, 3, 23, 283
List the prime factors of 6718832.
2, 419927
What are the prime factors of 30801?
3, 10267
What are the prime factors of 13773729?
3, 79, 89, 653
List the prime factors of 4756521.
3, 7, 11, 59, 349
What are the prime factors of 3780797?
3780797
What are the prime factors of 788093?
788093
List the prime factors of 73322.
2, 61, 601
List the prime factors of 2021138.
2, 7, 31, 4657
List the prime factors of 89116.
2, 22279
List the prime factors of 620399.
13, 3671
What are the prime factors of 100131?
3, 33377
What are the prime factors of 199886?
2, 17, 5879
What are the prime factors of 1320410?
2, 5, 7, 13, 1451
List the prime factors of 368013.
3, 61, 2011
List the prime factors of 129824.
2, 4057
What are the prime factors of 5306706?
2, 3, 113, 2609
What are the prime factors of 61474?
2, 7, 4391
List the prime factors of 342011.
127, 2693
List the prime factors of 523909.
47, 71, 157
What are the prime factors of 804679?
73, 151
What are the prime factors of 590229?
3, 65581
List the prime factors of 2265492.
2, 3, 188791
List the prime factors of 1770231.
3, 590077
What are the prime factors of 16102921?
23, 700127
What are the prime factors of 14657505?
3, 5, 977167
What are the prime factors of 2680943?
2680943
What are the prime factors of 4687469?
23, 8861
What are the prime factors of 3308575?
5, 89, 1487
List the prime factors of 229465.
5, 45893
List the prime factors of 8980605.
3, 5, 66523
List the prime factors of 2531979.
3, 31259
List the prime factors of 181144.
2, 22643
List the prime factors of 4823.
7, 13, 53
What are the prime factors of 24857?
7, 53, 67
What are the prime factors of 543760?
2, 5, 7, 971
What are the prime factors of 116015?
5, 23203
What are the prime factors of 5014353?
3, 1671451
What are the prime factors of 18542791?
18542791
List the prime factors of 303872.
2, 1187
What are the prime factors of 584338?
2, 23, 12703
What are the prime factors of 64001?
7, 41, 223
What are the prime factors of 3024670?
2, 5, 11, 31, 887
List the prime factors of 739911.
3, 246637
List the prime factors of 1110082.
2, 555041
What are the prime factors of 136133?
136133
List the prime factors of 50263.
50263
What are the prime factors of 10302211?
10302211
What are the prime factors of 177618?
2, 3, 7, 4229
What are the prime factors of 3170361?
3, 607, 1741
What are the prime factors of 160393?
107, 1499
List the prime factors of 107987.
11, 9817
What are the prime factors of 1412176?
2, 88261
What are the prime factors of 6164134?
2, 67, 157, 293
List the prime factors of 394775.
5, 15791
List the prime factors of 381657.
3, 127219
What are the prime factors of 8606507?
7, 13, 59, 229
List the prime factors of 980417.
980417
What are the prime factors of 11058933?
3, 607, 6073
List the prime factors of 35501602.
2, 337, 52673
What are the prime factors of 19788825?
3, 5, 7, 37693
What are the prime factors of 188308?
2, 179, 263
List the prime factors of 853168.
2, 53323
What are the prime factors of 57007?
109, 523
What are the prime factors of 10903035?
3, 5, 11, 13, 17, 23
What are the prime factors of 5615318?
2, 2807659
List the prime factors of 492590.
2, 5, 7, 31, 227
What are the prime factors of 133641?
3, 31, 479
List the prime factors of 1086919.
1086919
What are the prime factors of 228117?
3, 76039
What are the prime factors of 960319?
23, 43, 971
What are the prime factors of 1250385?
3, 5, 31, 2689
What are the prime factors of 2761346?
2, 7, 19, 1483
List the prime factors of 16830963.
3, 23, 27103
List the prime factors of 231621.
3, 13, 5939
